 + -27 + -17 + -2?
89
What is -3 + 5 + -8 + 1 + 52 + (-250 - -122)?
-81
-70 - -2 - ((-133 - -111) + (-4 - -23))
-65
Calculate (-30 + 49 - 25) + (3 - 27).
-30
Evaluate 169 - 218 - (-4 + (8 - 11)).
-42
What is 176 + -101 - (164 - -22)?
-111
-64 + (-26 + 34 - (26 + -31))
-51
-27 + 18 + -4 + 106 + -8
85
Evaluate (1 - (1 + 41)) + -146912 + 146816.
-137
Calculate 2 + -67 - (3 + -4 + -86 + 81).
-59
26 - 143 - (1 + -36 - (-140 - -128))
-94
What is -13 + (-11 + -5 + 9 - (0 + 4) - -104)?
80
-13 + 16 + 12 + -25 + 31
21
What is the value of -1 + -18 - ((-15 - (-1 - 20)) + -7 + 5)?
-23
Evaluate -67 + (-7 - -9) + 5 + 33 + -24.
-51
Calculate (-2 - (-38 - -67)) + (29 - 1).
-3
What is the value of 1 + -45 - (524 - 582)?
14
What is -33 + -14 + 49 + 22?
24
What is 25 + -14 - (21 + -14 + 5)?
-1
What is 83 + (-43 - 2) - 79?
-41
-37 + 1 - ((-5 - -22) + -23 + 20)
-50
Calculate 476 + -482 + -3 + 1 + (-11 - -2).
-17
Evaluate -116 - (-67 + -126 - 43).
120
Calculate -1 + (-3 - -1 - 0) + 2 + -38 + -23.
-62
Evaluate -79 + -103 + 14 - -88.
-80
What is the value of (-28 - -31) + (-4 - 7) - (-11 + 38)?
-35
What is -4 - (11 + (24 - 86) + -2 + 1)?
48
Evaluate 34 + 28 + (-2 - (-4 + -11)) + -4.
71
Calculate -25 + -51 + (14 - (54 + -26)).
-90
What is the value of -48 - (-56 - (8 + -26))?
-10
(-4 - 72) + (56 + 37 - 81)
-64
51 - (-9 + 16 + 3 + (-12 - (-31 - -13)))
35
What is 463 - 468 - (19 - 23 - (-69 + 1) - 3)?
-66
Evaluate 4 + -4 + -14 + (16 - -1).
3
Evaluate -432 + 351 - (-2 - 109).
30
Evaluate 1 + -58 + (125 - (131 - 16)).
-47
Calculate 18 - ((-2 + 23 - 12) + -7) - 98.
-82
What is -37 + (-17 - -30) + (-6 - (-1 - 1))?
-28
-11 + -10 + 5 + 4 + (197 - 39 - 59)
87
What is the value of 80 - (84 + -60) - (1 + 17)?
38
What is (1 - 27) + 117 + (82 - 208)?
-35
What is the value of 2 + 58 - (-5120 + 5144)?
36
Evaluate 16 + (-1 - (1 - -1) - (6 - (21 + -14))).
14
Calculate -46 + -4 + (-4 - ((11 - 24) + -6)).
-35
What is (-46 - -38) + (63 - (-3 - 0) - (11 + -9))?
56
Evaluate 130 + -59 + (108 - 109).
70
Calculate (-8218 - -8232) + (49 + -10 - (1 + -1 + -3)).
56
Calculate -24 - -18 - -4 - (40 - 27).
-15
-3 + 7 + -84 + 40
-40
What is the value of 1 + 1 + 66 + (-34 - 18) + 1 + 2?
19
What is the value of -1 + 11 - ((29 - 13 - 30) + -88)?
112
What is (1 + -4 + -9 - (-11 + 24 + -17)) + 7?
-1
Calculate (-14 - -11) + (7 - (6 - -11)).
-13
What is the value of 79 + 0 + -7765 + 7665?
-21
What is the value of (-3 - 38) + 403 + -372?
-10
What is the value of (138 - 77) + (10 - 9)?
62
What is the value of (3 - 87) + (3427 - 3363)?
-20
Evaluate 1 + (1 + (-8 - -4) - (30 - 1 - 28)).
-3
Evaluate -1 + (9 - (-1 + 13 - 8)) + 3.
7
What is the value of -15 + 3 + -101 + 111?
-2
Evaluate (2 - (3 - (-2 - 14))) + 0 - 31.
-48
Calculate 72 + -47 - (37 + -4).
-8
Evaluate 121 - (51 + 22) - 39.
9
Evaluate (-99 - 3) + -2 + (-42 + (9 - -68) - 25).
-94
What is the value of 20 + (25 - 120) + 31 - (-1 + (-6 - -4))?
-41
What is the value of 3 + 8 - (-37 + 5 + 29 - -26)?
-12
Calculate 106 + (-104 - -43) + 42 + (32 - -3).
122
Calculate (0 - -28 - 10) + -7.
11
What is -25 - (25 + (25 - 32) + -36)?
-7
1 + 0 - ((-8 + -9 - 11) + 19) - -11
21
(14 - (14 + -11)) + (13 - (-30 + 39))
15
What is 0 + 31 + -5538 + 5573 + -5 + 0?
61
What is 18 - 56 - (-26 + 18 + -153)?
123
What is the value of (-7 + (2 - 1) - (-26 - -21)) + -42 + -3?
-46
What is the value of 1 + 0 + 5 + (21 - (27 - 54 - -39))?
15
(31 - (15 - -3)) + 0 + 27 + 1
41
What is the value of 0 + -4 + (4 - 8) + 40 - (22 + -12)?
22
(-17 - (7 - (1 - -13))) + -31
-41
Evaluate 12 + -7 + -5 + 3 + -14 + 32 + 0.
21
What is the value of -33 - ((-8 - 5) + 40 + -63)?
3
What is the value of -57 + 77 - 133 - -37?
-76
What is 20 + (134 - (43 - -24))?
87
What is the value of 2 + -3 + 1 - 1 - (14 - (-47 + 81))?
19
Evaluate -26 + (-51 - 12) - -34.
-55
What is -7 + -11 + -61 + 75?
-4
Calculate 22 - -1 - (7 + 3 + -12 + 0).
25
What is the value of 237 - 178 - (3 - (3 - -5) - (-20 - -12))?
56
What is the value of -60 + (-25 - 8 - -92)?
-1
Calculate (19 - (31 + -25)) + -45.
-32
What is -253 + 253 + -19 + -1?
-20
What is -27 - (-62 + -40 - -35)?
40
What is -8 - -130 - 32 - 46?
44
Calculate (-11 - -3) + (-9 - 5 - -3) + (2 - 4).
-21
Calculate (6 - -9) + 4 + -18 - (-9 + 2) - -29.
37
Evaluate 10 - (5 - 4) - (7132 + -7162).
39
Evaluate 20 + (19 - (26 + -20) - 41) + -1 + -22.
-31
1 - (-37 + (-2 - 4 - (-22 + 4 + 0)))
26
What is -29 - (-54 + 21 + 14) - -3?
-7
What is (12 - -1) + (-155 - -130) + 70?
58
19 - (15 + -12 + 62 + -19 - -22)
-49
What is 39 + -10 + (-1 - -21) + -13?
36
Evaluate (197 - (124 + 10)) + 72.
135
Calculate -78 - ((-25 - -27) + -4 + (-1 - -7)).
-82
What is the value of -42 - (-84 - -47) - -23?
18
Evaluate -2 + 7 - 61 - (24 + -6).
-74
What is (-6 - (1 + (15 - 0) + -19)) + -1 + -17?
-21
Calculate -73 + 168 - (164 + -130).
61
What is -1704 - -1733 - (2 + -32)?
59
What is the value of -13 - (-42 - (-172 + 144))?
1
31 + -27 + -29 + -29 - -25
-29
What is -35 + -1 + (1190 + -1236 - (-35 - -1))?
-48
Evaluate 1 + (3 - -3) + 6 + (-164 - -196).
45
Evaluate 35 - 48 - (-6 + 6) - (28 + -2).
-39
Evaluate -93 - (-164 - (-145 + 109)).
35
What is the value of 4 - (5 + (0 - 15) + (17 - 5) + 19)?
-17
Calculate (1 - -1) + (-104 - -42) + (-13 - (1 + 2)).
-76
Evaluate ((24 - 16) + -6 - -3) + -5 + 56.
56
-2 + 63 - (-5264 - -5260)
65
Evaluate (-4 - -14) + -17 + 37 - (-15 - -20).
25
Evaluate 0 - (-90 + -5 + 62).
33
Evaluate -11 + 5 - 0 - (-180 - -248).
-74
Evaluate -6 + (44 - 53) + 69.
54
What is (201 + -148 - 48) + (-17 - 1)?
-13
-37 + (77 - (55 + -19))
4
What is the value of -16 - (-164 + 50 - -88)?
10
What is the value of -4 - (10 - (7 + -9 + (18 - 9)))?
-7
What is the value of (1 + (-2 - -12) + 6 - -28) + -13?
32
-81 + -55 + 46 - -28
-62
(0 - 28 - (-1 + -17)) + 6 + -84
-88
Calculate (631 - 652) + 11 + 0.
-10
What is the value of 13 - (-11 - (-33 + 5)) - ((-7 - -14) + 33)?
-44
(12 - 107 - -261) + -99
67
12 - (25 + (-27 - -61))
-47
What is -76 + (13 - (-3 - -5) - (53 + -48)) + 2?
-68
What is (8 - (89 + 6)) + 35?
-52
26 - (32 + -8 + -15) - -19
36
What is the value of -77 + 1 - (1742 - 1857)?
39
Calculate (9 - (-21 - -23)) + (3 + 1 - 1) + -49.
-39
Evaluate 2 + 3 + -6 + (-23 - (-56 - -39)) - 27.
-34
What is the value of -58 + -1 + (-171 - -167 - (-6 - 1))?
-56
49 + -66 + (58 - 6) + 8
43
What is the value of 4 + -1 + (-14 - -3) + 416 + -409?
-1
What is 17 + (10 - 24) + (0 - 27) - -8?
-16
Evaluate -76 - ((22 - -36) + -103).
-31
What is the value of 13 - 35 - (-66 + 67)?
-23
What is the value of (20 - 36) + 28 + -14 + -14 - (1 - 12)?
-5
What is the value of (-3 - 1) + 75 + -75 + (-8 - -4)?
-8
41 + -18 - 22 - (47 - 21)
-25
What is the value of -88 + (123 - (-54 - -111))?
-22
Evaluate (18 - 46) + (-28 - 14) - -7.
-63
2763 + -2833 + (47 - -2)
-21
What is the value of -1 - -126 - (2 + (-9 - (-7 - (27 - 21))))?
119
What is the value of (2 + -6 + (-21 - -49 - 8) - 6) + -119?
-109
Calculate 42 + (-42 - -43 - 45) + 56.
54
-3 + (-13 - (1 - -2)) + -11 + -22 + 24
-28
What is 37 + -1 + 8 + (-5 + 0 + 10 - 5)?
44
Evaluate -114 + 108 + (2 - (2 + 1)) + 6.
-1
Calculate (-10 - (-2 + 2)) + (-20 - -111 - 60).
21
(-1 + -96 - (-9 - -11)) + (10 - -58 - 57)
-88
Evaluate 9 + -16 + -21 + 0 + 18.
-10
-93 - (81 - (51 + 46))
-77
(13 - 18) + -3 - (1 - -1 - (77 + -80))
-13
What is the value of -6 + (-14 + 0 - -22) - -14?
16
What is the value of (-76 - -28) + (-1 - -19) + -5 + (-8 - -3)?
-40
-75 - (1 + (-12 - 9) + 17)
-72
Calculate (2221 - 2245) + (0 + 69 - 2).
43
(-11 + 5 + 11 - 1) + (8 - (26 + 11))
-25
9 + 31 + -37 - (-7 + -2) - 60
-48
Evaluate -12 + 8 + 10 + 41 - 1.
46
What is the value of (-8 - 11) + (-9 - -47) - 47?
-28
Calculate (-38 - (-27 + 41)) + 45.
-7
Evaluate -27 - (40 + -34 + -4 + 16).
-45
Calculate -16 + (4 + -6 - (11 - -12)).
-41
What is 90 - (63 - (-53 + 80))?
54
(-63 - (-24 + -19)) + (19 - 10)
-11
(-99 - ((-13 - -16) + -36)) + (-1 - 2) + 12
-57
Calculate 50 + (-95 - -37) + 10.
2
What is 7 - (5 + -2 - (75 - (12 - 34))) - -1?
102
What is the value of 3 + ((5 - 1) + -16 - (1 + 2))?
-12
What is the value of -99 + -32 + 125 - 36?
-42
Calculate -13 + 4 + 80 + -33 + 6 - (11 + 0).
33
What is the value of 23 + (733 - 722) + (-1 - 32) + 82 + -2?
81
What is the value of 18 - -56 - (4 + 1 - ((-1 - -1) + 2))?
71
Evaluate -8 - ((78 - 17) + -12).
-57
Wh